et u(d) = d**3 - 15*d**2 - 56*d + 593. Calculate u(20).
1473
Let h(p) = 20*p**2 - 4804*p - 4275. Determine h(241).
-419
Let v(c) = -56*c**2 + 5820*c + 204. Give v(104).
-212
Let v(s) = -7362*s + 441711. Determine v(60).
-9
Let o(t) = -39*t**2 + 2850*t + 8565. What is o(-3)?
-336
Let k(s) = -2*s**2 + 6864*s + 41317. Give k(-6).
61
Let c(y) = 49*y**3 + 12*y**2 + 34*y + 155. Give c(-4).
-2925
Let y(g) = 39*g**2 + 1588*g + 16109. Determine y(-22).
49
Let j(a) = 2*a**2 + 237*a + 6503. Determine j(-75).
-22
Let t(f) = 6*f**3 - 538*f**2 + 348*f + 928. Calculate t(89).
216
Let d(y) = y**2 - 887*y - 17273. What is d(-19)?
-59
Let q(j) = -j**2 - 6140*j + 503940. Determine q(81).
39
Let b(s) = s**2 + 5137*s + 464143. What is b(-92)?
3
Let t(d) = -3103*d + 853255. Calculate t(275).
-70
Let r(b) = b**3 + 16*b**2 - 29*b - 225. What is r(-12)?
699
Let p(z) = 2*z**3 - 8*z**2 - 132*z - 1004. Give p(-8).
-1484
Let v(z) = -2*z**3 - 20*z**2 - 452*z - 3845. Calculate v(-9).
61
Let b(c) = -25*c**3 + 720*c**2 - 2390*c + 380. Determine b(25).
5
Let d(t) = 1342*t - 1253428. Give d(934).
0
Let v(r) = -r**3 - 19*r**2 + 2051*r + 33495. What is v(-16)?
-89
Let m(c) = -c**3 - 59*c**2 + 72*c + 13424. Give m(-56).
-16
Let v(w) = 214*w**2 + 723*w - 577. Determine v(-4).
-45
Let o(f) = -86*f - 3995. Calculate o(-45).
-125
Let k(v) = -2*v**2 - 214*v - 5072. Give k(-46).
540
Let v(u) = u**2 - 352*u + 31137. What is v(176)?
161
Let k(w) = -2*w**3 - 23*w**2 - 42*w - 9. Calculate k(-11).
332
Let o(y) = 2*y**3 - 53*y**2 - 2787*y + 18096. Give o(-30).
6
Let r(w) = -2*w**3 - 76*w**2 + 713*w - 6245. Determine r(-47).
6
Let z(l) = 70*l**2 + 53764*l + 3095. Calculate z(-768).
23
Let w(k) = -151*k - 2149. Calculate w(-14).
-35
Let i(y) = 2*y**2 + 443*y + 24371. Give i(-102).
-7
Let t(i) = 37878*i + 492391. Give t(-13).
-23
Let z(f) = -79526*f - 1033971. Determine z(-13).
-133
Let b(u) = -u**2 + 256*u + 11444. What is b(296)?
-396
Let h(o) = -134*o + 3241. Give h(25).
-109
Let s(c) = -16*c**3 + c**2 - 2715*c + 2710. Calculate s(1).
-20
Let c(u) = u**2 + 107*u - 647. What is c(-113)?
31
Let f(i) = -i**2 + 126357*i - 12499547. What is f(99)?
-5
Let l(v) = 188*v - 28179. Determine l(150).
21
Let h(n) = 2*n**3 + 31163*n**2 + 653540*n - 25. Calculate h(-21).
-4
Let b(u) = u**3 + 165*u**2 - 3907*u - 160. Give b(-186).
26
Let l(n) = 3141*n + 370613. What is l(-118)?
-25
Let c(i) = -20*i - 1256. What is c(46)?
-2176
Let o(j) = 3*j**2 - 8949*j - 44828. Determine o(-5).
-8
Let l(x) = 4895*x - 1601. What is l(0)?
-1601
Let x(i) = -i**3 + 120*i**2 - 328*i - 1202. Calculate x(5).
33
Let k(a) = -18*a**2 - 36*a + 841. Determine k(0).
841
Let j(z) = 10856*z - 531926. Determine j(49).
18
Let s(n) = n**3 + 4*n**2 - 18*n - 76. Give s(-4).
-4
Let p(d) = d**2 - 2860*d - 342114. Calculate p(-115).
11
Let u(y) = 5*y**3 - 428*y**2 + 1099*y - 1668. What is u(83)?
-8
Let l(t) = -3*t**3 + 18*t**2 - 277*t + 965. Calculate l(5).
-345
Let i(k) = -91*k**2 - 382*k + 21. Calculate i(-4).
93
Let n(s) = 4*s**3 + 512*s**2 - 1572*s + 8. Calculate n(-131).
8
Let j(o) = 787*o**2 - 322*o - 325. What is j(-1)?
784
Let t(f) = 3680*f - 14832. Give t(4).
-112
Let w(p) = 9*p**2 - 41*p + 9. What is w(-4)?
317
Let x(u) = -u**3 + 11*u**2 - 111*u + 1656. Calculate x(17).
-1965
Let a(j) = -3*j**2 - 49212*j + 837442. What is a(17)?
-29
Let d(n) = -2741*n**2 + 103*n - 71. Give d(1).
-2709
Let q(t) = -154244*t + 23. Determine q(0).
23
Let g(r) = 20282*r + 202775. Determine g(-10).
-45
Let a(m) = -5907*m - 47707. Give a(-8).
-451
Let v(f) = 5*f**3 + 32*f**2 - 6*f + 36. Give v(-6).
144
Let k(f) = f**2 - 834*f + 21728. What is k(27)?
-61
Let v(x) = -527*x**2 - 126*x - 217. Determine v(-2).
-2073
Let b(w) = -1467924*w - 5871690. What is b(-4)?
6
Let x(k) = k**2 + 4099*k + 1033840. Give x(-270).
10
Let y(h) = -2*h**3 - 110*h**2 + 1931*h - 104. Calculate y(-69).
-35
Let r(h) = 188673*h + 188659. Calculate r(-1).
-14
Let s(n) = n**3 + 40*n**2 - 203*n - 3032. Calculate s(-43).
150
Let m(y) = 2*y**2 + 61*y - 16035. Calculate m(-106).
-29
Let k(h) = 2*h**2 + 1041*h - 128442. What is k(103)?
-1
Let i(w) = -17*w**2 + 1894*w + 243. Give i(112).
-877
Let v(b) = 4*b**3 + 96*b**2 - 2014*b + 15. Give v(-38).
-4317
Let m(i) = -i**2 + 3313*i + 595798. Calculate m(-171).
34
Let x(n) = 239*n**2 - 13154*n + 472. Calculate x(55).
-23
Let v(h) = -h**3 - 12*h**2 + 18*h - 404. What is v(-15)?
1
Let y(l) = l**3 + 164*l**2 + 6004*l + 69. Give y(-55).
-426
Let v(f) = -257*f**2 - 78*f - 20. Calculate v(1).
-355
Let x(u) = 1269*u - 13086. Give x(10).
-396
Let o(l) = -138*l**2 + 112*l + 482. Determine o(-4).
-2174
Let z(k) = k**3 + 165*k**2 + 2329*k - 8197. What is z(-149)?
-2
Let g(l) = -l**2 - 31260*l + 469091. Determine g(15).
-34
Let b(x) = -2*x**2 - 194*x + 89031. What is b(168)?
-9
Let p(i) = -19*i**2 - 265*i - 419. Calculate p(-16).
-1043
Let m(a) = 16807*a + 34397. Determine m(-2).
783
Let d(b) = -65281*b - 6723953. Calculate d(-103).
-10
Let n(x) = 4155*x + 17581. Calculate n(-4).
961
Let v(x) = x**2 + 1727*x - 127979. Determine v(71).
-321
Let k(r) = 17*r**3 - 987*r**2 + 58*r + 179. What is k(58)?
179
Let p(s) = 5*s**3 + 5427*s**2 + 5470*s + 42. What is p(-1)?
-6
Let g(i) = -510751*i - 8172009. Give g(-16).
7
Let o(f) = -26*f**3 - 339*f**2 - 46*f - 41. Give o(-13).
388
Let g(j) = -3*j**3 + 48*j**2 - 455*j + 3759. Give g(12).
27
Let b(u) = 2386*u - 260092. Determine b(109).
-18
Let f(m) = -m**3 - 18*m**2 + 3076*m + 52483. Determine f(-17).
-98
Let d(i) = -4*i**3 - 350*i**2 + 3276*i + 138. Determine d(-96).
-1014
Let t(c) = 25297*c + 353730. Calculate t(-14).
-428
Let v(z) = -z**2 - 63*z - 1814. What is v(-36)?
-842
Let t(h) = -587*h + 141160. Calculate t(242).
-894
Let t(k) = -383*k**2 - 6520*k - 18. Give t(-17).
135
Let t(h) = -22*h**2 - 262*h + 612. Give t(2).
0
Let l(i) = 300*i - 16197. What is l(55)?
303
Let r(u) = 5*u**2 - 120*u - 1304. Calculate r(-8).
-24
Let g(f) = -f**3 - 77*f**2 - 155*f - 216. What is g(-75)?
159
Let z(w) = 149*w + 12064. Determine z(-81).
-5
Let o(x) = -10165*x + 10203. What is o(1)?
38
Let v(t) = -72*t**2 - 19382*t + 15665. Calculate v(-270).
5
Let r(o) = -14*o**2 + 193*o + 42. Give r(9).
645
Let s(v) = -4*v**3 + 255*v**2 - 181*v + 285. Give s(63).
789
Let b(o) = 317*o - 506. Give b(-2).
-1140
Let z(q) = -1179*q - 443279. Give z(-376).
25
Let c(n) = -404818*n + 15787902. Give c(39).
0
Let v(q) = -1987*q + 67581. Determine v(34).
23
Let z(n) = -12538*n - 38465. What is z(-3)?
-851
Let s(y) = 30028*y + 270843. Calculate s(-9).
591
Let b(l) = -2*l**3 + 88*l**2 - 607*l + 19. What is b(9)?
226
Let i(v) = 5*v**2 + 330*v - 2144. Calculate i(-73).
411
Let d(t) = 12801*t + 8141444. Give d(-636).
8
Let q(o) = 21*o**3 - 1045*o**2 - 244*o - 375. Give q(50).
-75
Let m(h) = -5*h**2 + 57*h - 131. Give m(8).
5
Let j(x) = x**3 - 19*x**2 - 167*x + 131. What is j(-7)?
26
Let l(h) = 7*h**2 + 608*h + 12449. What is l(-33)?
8
Let q(d) = 1205*d - 381986. Give q(317).
-1
Let k(z) = -6*z**3 + 49*z**2 - 57*z + 12. Give k(1).
-2
Let b(y) = 14*y**3 + y**2 + 12*y + 9. What is b(-1)?
-16
Let a(g) = 820*g - 25919. What is a(32)?
321
Let v(y) = y**3 + 102*y**2 - 1626*y + 32. What is v(14)?
4
Let k(x) = 14*x**2 + 30*x - 134. Determine k(0).
-134
Let z(c) = -2*c**3 - 4*c**2 - 780*c + 5826. What is z(7)?
-516
Let u(b) = b**2 - 16599*b + 215664. Calculate u(13).
46
Let y(s) = 2*s**3 - 2*s**2 - 31*s - 103. Calculate y(-8).
-1007
Let r(i) = 5876*i - 105772. Calculate r(18).
-4
Let i(y) = 39422*y + 197377. Give i(-5).
267
Let h(r) = 354*r**3 + 28*r**2 + 549*r - 575. Determine h(1).
356
Let p(q) = -35*q**2 - 728*q + 59. Calculate p(-21).
-88
Let b(x) = -586*x + 12791. What is b(23)?
-687
Let w(r) = -r**3 - 118*r**2 - 455*r - 4. Calculate w(-4).
-8
Let h(m) = -4*m**2 - 143*m + 635. Calculate h(-42).
-415
Let w(u) = -u**3 - 155*u**2 - 4226*u - 2801. Determine w(-120).
319
Let h(l) = 7*l**3 - 141*l**2 - 133*l + 87. Calculate h(21).
-60
Let u(j) = -5*j**3 - 151*j**2 + 683*j + 5. What is u(4)?
1
Let o(p) = -p**3 - 5*p**2 + 448*p - 20. Determine o(-23).
-802
Let j(w) = -466*w - 8962. Give j(-12).
-3370
Let q(r) = 31630*r + 13. Determine q(0).
13
Let w(r) = 5*r**2 + 54*r - 28. What is w(-14)?
196
Let h(n) = 16*n**2 + 6461*n - 58269. Determine h(9).
1176
Let x(i) = -128*i**2 + 